{"id":2197,"date":"2022-06-30T20:22:20","date_gmt":"2022-06-30T17:22:20","guid":{"rendered":"https:\/\/www.arengrup.com.tr\/makine\/toz-emme-sistemleri-copy\/"},"modified":"2022-08-22T17:18:25","modified_gmt":"2022-08-22T14:18:25","slug":"ozel-tasarim-konveyor","status":"publish","type":"page","link":"https:\/\/www.arengrup.com.tr\/makine\/ozel-tasarim-konveyor\/","title":{"rendered":"\u00d6zel Tasar\u0131m Konvey\u00f6r"},"content":{"rendered":"\t\t<div data-elementor-type=\"wp-post\" data-elementor-id=\"2197\" class=\"elementor elementor-2197\">\n\t\t\t\t\t\t<div class=\"elementor-inner\">\n\t\t\t\t<div class=\"elementor-section-wrap\">\n\t\t\t\t\t\t\t\t\t<section class=\"elementor-section elementor-top-section elementor-element elementor-element-5545c1f elementor-section-boxed elementor-section-height-default elementor-section-height-default\" data-id=\"5545c1f\" data-element_type=\"section\">\n\t\t\t\t\t\t<div class=\"elementor-container elementor-column-gap-default\">\n\t\t\t\t\t\t\t<div class=\"elementor-row\">\n\t\t\t\t\t<div class=\"elementor-column elementor-col-100 elementor-top-column elementor-element elementor-element-2fb87c5\" data-id=\"2fb87c5\" data-element_type=\"column\">\n\t\t\t<div class=\"elementor-column-wrap elementor-element-populated\">\n\t\t\t\t\t\t\t<div class=\"elementor-widget-wrap\">\n\t\t\t\t\t\t<div class=\"elementor-element elementor-element-ccc73a3 elementor-widget elementor-widget-induxo-title\" data-id=\"ccc73a3\" data-element_type=\"widget\" data-widget_type=\"induxo-title.default\">\n\t\t\t\t<div class=\"elementor-widget-container\">\n\t\t\t         <div class=\"section-heading-content\">\n                  <small class=\"title-bg-small\">aren grup makine<\/small>\n                    <h2 class=\"section-title title-center\">\n                 \u00d6zel Tasar\u0131m  <span>Konvey\u00f6r<\/span>            <\/h2>\n         <\/div><!-- Section title -->\t\t\n         \n\n     \n    \t\t<\/div>\n\t\t\t\t<\/div>\n\t\t\t\t<div class=\"elementor-element elementor-element-0a09590 elementor-widget elementor-widget-induxo-project\" data-id=\"0a09590\" data-element_type=\"widget\" data-widget_type=\"induxo-project.default\">\n\t\t\t\t<div class=\"elementor-widget-container\">\n\t\t\t                <div class=\"row\">\n           \n            <div class=\"col-md-4\">\n               <div class=\"recent-project-wrapper\">\n                  <div class=\"recent-project-img\">\n                     <img src=\"https:\/\/www.arengrup.com.tr\/makine\/wp-content\/uploads\/sites\/2\/2022\/06\/tupras5-350x250.jpg\" alt=\" T\u00fcpra\u015f Stacker Shiploader Konvey\u00f6r Montaj\u0131\">\n                  <\/div>\n                  <!-- end recent-project-img -->\n                                       <div class=\"recent-project-info\">\n                                                                     <p class=\"project-title project-category\">\u00d6zel Tasar\u0131m Konvey\u00f6r <\/p>\n                                                                        <h3 class=\"ts-title\"><a href=\"https:\/\/www.arengrup.com.tr\/makine\/project\/tupras-stacker-shiploader-konveyor-montaji\/\">T\u00fcpra\u015f Stacker Shiploader Konvey\u00f6r Montaj\u0131<\/a><\/h3>\n                                             <\/div>\n                                    <!-- end recent-project-info -->\n               <\/div>\n               <!-- end recent-project-wrapper -->\n           <\/div>\n           \n            <div class=\"col-md-4\">\n               <div class=\"recent-project-wrapper\">\n                  <div class=\"recent-project-img\">\n                     <img src=\"https:\/\/www.arengrup.com.tr\/makine\/wp-content\/uploads\/sites\/2\/2022\/06\/Gumusova1-350x250.jpg\" alt=\" \u015ei\u015fecam G\u00fcm\u00fc\u015fova Cam K\u0131r\u0131\u011f\u0131 Tesisi\">\n                  <\/div>\n                  <!-- end recent-project-img -->\n                                       <div class=\"recent-project-info\">\n                                                                     <p class=\"project-title project-category\">\u00d6zel Tasar\u0131m Konvey\u00f6r <\/p>\n                                                                        <h3 class=\"ts-title\"><a href=\"https:\/\/www.arengrup.com.tr\/makine\/project\/sisecam-gumusova-cam-kirigi-tesisi\/\">\u015ei\u015fecam G\u00fcm\u00fc\u015fova Cam K\u0131r\u0131\u011f\u0131 Tesisi<\/a><\/h3>\n                                             <\/div>\n                                    <!-- end recent-project-info -->\n               <\/div>\n               <!-- end recent-project-wrapper -->\n           <\/div>\n           \n            <div class=\"col-md-4\">\n               <div class=\"recent-project-wrapper\">\n                  <div class=\"recent-project-img\">\n                     <img src=\"https:\/\/www.arengrup.com.tr\/makine\/wp-content\/uploads\/sites\/2\/2022\/06\/sisecam6-350x250.jpg\" alt=\" \u015ei\u015fecam Ege\u00e7ev Cam K\u0131r\u0131\u011f\u0131 Tesisi Konvey\u00f6r Hatlar\u0131\">\n                  <\/div>\n                  <!-- end recent-project-img -->\n                                       <div class=\"recent-project-info\">\n                                                                     <p class=\"project-title project-category\">\u00d6zel Tasar\u0131m Konvey\u00f6r <\/p>\n                                                                        <h3 class=\"ts-title\"><a href=\"https:\/\/www.arengrup.com.tr\/makine\/project\/sisecam-egecev-cam-kirigi-tesisi-konveyor-hatlari\/\">\u015ei\u015fecam Ege\u00e7ev Cam K\u0131r\u0131\u011f\u0131 Tesisi Konvey\u00f6r Hatlar\u0131<\/a><\/h3>\n                                             <\/div>\n                                    <!-- end recent-project-info -->\n               <\/div>\n               <!-- end recent-project-wrapper -->\n           <\/div>\n           \n            <div class=\"col-md-4\">\n               <div class=\"recent-project-wrapper\">\n                  <div class=\"recent-project-img\">\n                     <img src=\"https:\/\/www.arengrup.com.tr\/makine\/wp-content\/uploads\/sites\/2\/2022\/06\/Toros1-350x250.jpg\" alt=\" Toros G\u00fcbre Konvey\u00f6r\">\n                  <\/div>\n                  <!-- end recent-project-img -->\n                                       <div class=\"recent-project-info\">\n                                                                     <p class=\"project-title project-category\">\u00d6zel Tasar\u0131m Konvey\u00f6r <\/p>\n                                                                        <h3 class=\"ts-title\"><a href=\"https:\/\/www.arengrup.com.tr\/makine\/project\/toros-gubre-konveyor\/\">Toros G\u00fcbre Konvey\u00f6r<\/a><\/h3>\n                                             <\/div>\n                                    <!-- end recent-project-info -->\n               <\/div>\n               <!-- end recent-project-wrapper -->\n           <\/div>\n           \n            <div class=\"col-md-4\">\n               <div class=\"recent-project-wrapper\">\n                  <div class=\"recent-project-img\">\n                     <img src=\"https:\/\/www.arengrup.com.tr\/makine\/wp-content\/uploads\/sites\/2\/2022\/08\/Kipas-350x250.jpg\" alt=\" Kipa\u015f Ka\u011f\u0131t S\u00f6ke Ka\u011f\u0131t Barikas\u0131 Konvey\u00f6r Hatlar\u0131\">\n                  <\/div>\n                  <!-- end recent-project-img -->\n                                       <div class=\"recent-project-info\">\n                                                                     <p class=\"project-title project-category\">\u00d6zel Tasar\u0131m Konvey\u00f6r <\/p>\n                                                                        <h3 class=\"ts-title\"><a href=\"https:\/\/www.arengrup.com.tr\/makine\/project\/kipas-kagit-soke-kagit-barikasi\/\">Kipa\u015f Ka\u011f\u0131t S\u00f6ke Ka\u011f\u0131t Barikas\u0131 Konvey\u00f6r Hatlar\u0131<\/a><\/h3>\n                                             <\/div>\n                                    <!-- end recent-project-info -->\n               <\/div>\n               <!-- end recent-project-wrapper -->\n           <\/div>\n           \n            <div class=\"col-md-4\">\n               <div class=\"recent-project-wrapper\">\n                  <div class=\"recent-project-img\">\n                     <img src=\"https:\/\/www.arengrup.com.tr\/makine\/wp-content\/uploads\/sites\/2\/2022\/06\/ure-350x250.jpg\" alt=\" \u00dcre Tesisi\">\n                  <\/div>\n                  <!-- end recent-project-img -->\n                                       <div class=\"recent-project-info\">\n                                                                     <p class=\"project-title project-category\">\u00d6zel Tasar\u0131m Konvey\u00f6r <\/p>\n                                                                        <h3 class=\"ts-title\"><a href=\"https:\/\/www.arengrup.com.tr\/makine\/project\/ure-tesisi\/\">\u00dcre Tesisi<\/a><\/h3>\n                                             <\/div>\n                                    <!-- end recent-project-info -->\n               <\/div>\n               <!-- end recent-project-wrapper -->\n           <\/div>\n                  \n         <\/div>\n         \n       \n\n       \n       \n       \t\t<\/div>\n\t\t\t\t<\/div>\n\t\t\t\t\t\t<\/div>\n\t\t\t\t\t<\/div>\n\t\t<\/div>\n\t\t\t\t\t\t\t\t<\/div>\n\t\t\t\t\t<\/div>\n\t\t<\/section>\n\t\t\t\t<section class=\"elementor-section elementor-top-section elementor-element elementor-element-f97aa75 elementor-section-boxed elementor-section-height-default elementor-section-height-default\" data-id=\"f97aa75\" data-element_type=\"section\" data-settings=\"{&quot;background_background&quot;:&quot;classic&quot;}\">\n\t\t\t\t\t\t<div class=\"elementor-container elementor-column-gap-default\">\n\t\t\t\t\t\t\t<div class=\"elementor-row\">\n\t\t\t\t\t<div class=\"elementor-column elementor-col-100 elementor-top-column elementor-element elementor-element-8aaa87d\" data-id=\"8aaa87d\" data-element_type=\"column\">\n\t\t\t<div class=\"elementor-column-wrap\">\n\t\t\t\t\t\t\t<div class=\"elementor-widget-wrap\">\n\t\t\t\t\t\t\t\t<\/div>\n\t\t\t\t\t<\/div>\n\t\t<\/div>\n\t\t\t\t\t\t\t\t<\/div>\n\t\t\t\t\t<\/div>\n\t\t<\/section>\n\t\t\t\t\t\t\t\t\t<\/div>\n\t\t\t<\/div>\n\t\t\t\t\t<\/div>\n\t\t","protected":false},"excerpt":{"rendered":"<p>aren grup makine \u00d6zel Tasar\u0131m Konvey\u00f6r \u00d6zel Tasar\u0131m Konvey\u00f6r \u00dcre Tesisi \u00d6zel Tasar\u0131m Konvey\u00f6r T\u00fcpra\u015f Stacker Shiploader Konvey\u00f6r Montaj\u0131 \u00d6zel Tasar\u0131m Konvey\u00f6r Toros Tar\u0131m Unloader Konvey\u00f6r \u00d6zel Tasar\u0131m Konvey\u00f6r Toros G\u00fcbre Konvey\u00f6r \u00d6zel Tasar\u0131m Konvey\u00f6r \u015ei\u015fecam G\u00fcm\u00fc\u015fova Cam K\u0131r\u0131\u011f\u0131 Tesisi \u00d6zel Tasar\u0131m Konvey\u00f6r \u015ei\u015fecam Ege\u00e7ev Cam K\u0131r\u0131\u011f\u0131 Tesisi Konvey\u00f6r Hatlar\u0131<\/p>\n","protected":false},"author":1,"featured_media":0,"parent":0,"menu_order":0,"comment_status":"closed","ping_status":"closed","template":"template\/full-width-template.php","meta":[],"_links":{"self":[{"href":"https:\/\/www.arengrup.com.tr\/makine\/wp-json\/wp\/v2\/pages\/2197"}],"collection":[{"href":"https:\/\/www.arengrup.com.tr\/makine\/wp-json\/wp\/v2\/pages"}],"about":[{"href":"https:\/\/www.arengrup.com.tr\/makine\/wp-json\/wp\/v2\/types\/page"}],"author":[{"embeddable":true,"href":"https:\/\/www.arengrup.com.tr\/makine\/wp-json\/wp\/v2\/users\/1"}],"replies":[{"embeddable":true,"href":"https:\/\/www.arengrup.com.tr\/makine\/wp-json\/wp\/v2\/comments?post=2197"}],"version-history":[{"count":10,"href":"https:\/\/www.arengrup.com.tr\/makine\/wp-json\/wp\/v2\/pages\/2197\/revisions"}],"predecessor-version":[{"id":2782,"href":"https:\/\/www.arengrup.com.tr\/makine\/wp-json\/wp\/v2\/pages\/2197\/revisions\/2782"}],"wp:attachment":[{"href":"https:\/\/www.arengrup.com.tr\/makine\/wp-json\/wp\/v2\/media?parent=2197"}],"curies":[{"name":"wp","href":"https:\/\/api.w.org\/{rel}","templated":true}]}}